{"id":2004,"date":"2018-09-07T10:16:30","date_gmt":"2018-09-07T08:16:30","guid":{"rendered":"https:\/\/cadelbaio.com\/privacy-policy-videosorveglianza\/"},"modified":"2018-09-07T10:16:30","modified_gmt":"2018-09-07T08:16:30","slug":"privacy-policy-videosorveglianza","status":"publish","type":"page","link":"https:\/\/cadelbaio.com\/en\/privacy-policy-videosorveglianza\/","title":{"rendered":"Informativa ai sensi dell\u2019art. 13 del Reg. (CE) 27 aprile 2016, n. 2016\/679"},"content":{"rendered":"<h2>Utilizzo impianto di videosorveglianza<\/h2>\n<p>L\u2019Az. Agr. Ca\u2019 del Baio, Titolare del trattamento dei dati, nella persona del legale rappresentate, con la presente La informa, che nei locali aziendali presso la sede legale in Treiso (CN), 12050, Via Ferrere Sottano n. 33, \u00e8 stato installato e messo in funzione un impianto di videosorveglianza, con registrazione delle immagini, per esigenze di tutela del patrimonio aziendale, in osservanza delle disposizioni previste dalla legge n. 300 del 20 maggio 1970, meglio noto come Statuto dei lavoratori, dal Provvedimento generale sulla videosorveglianza del 8 aprile 2010 adottato dal Garante per la protezione dei dati personali e nonch\u00e9 dal Reg. (CE) 27 aprile 2016, n. 2016\/679. L\u2019Azienda ha ottenuto autorizzazione all\u2019utilizzo dell\u2019impianto di videosorveglianza, emessa dall\u2019Ispettorato Territoriale di Cuneo.<\/p>\n<p>II trattamento dei dati personali avviene mediante un hard &#8211; disk attivo 24 ore su 24, con logiche strettamente correlate alla finalit\u00e0 di sicurezza e protezione del patrimonio aziendale e comunque in modo da garantire la sicurezza e la riservatezza dei dati stessi. I supporti vengono conservati in locali protetti e accessibili solo da personale autorizzato. In ogni caso, le registrazioni non verranno conservate per pi\u00f9 di 24 ore, fatte salve speciali esigenze di ulteriore conservazione in relazione a festivit\u00e0 o chiusura di uffici, nonch\u00e9 nel caso in cui si debba aderire ad una specifica richiesta investigativa e dell\u2019Autorit\u00e0 Giudiziaria, dopodich\u00e9 le immagini si sovrapporranno alle precedenti, cancellandole e \u00a0dopo tale periodo si proceder\u00e0 all\u2019immediata cancellazione delle stesse.<\/p>\n<p>I dati personali raccolti sono trattati al fine di tutela del patrimonio aziendale.<\/p>\n<p>La informiamo che i dati raccolti sono strettamente attinenti allo scopo di tutela del patrimonio aziendale.<\/p>\n<p>I dati raccolti non vengono diffusi\/comunicati a terzi, ad eccezione delle forze di Polizia e\/o dell\u2019Autorit\u00e0 Giudiziaria nel caso in cui si siano verificati illeciti per i quali siano in corso indagini, e sono adeguatamente protetti, per ridurre al minimo i rischi di distruzione prima del tempo stabilito, perdita accidentale, accessi non autorizzati o trattamenti non consentiti.<\/p>\n<p><strong>La informiamo che il titolare del trattamento \u00e8 l\u2019Azienda Agricola Ca\u2019 del Baio, con sede legale in Treiso (CN), 12050,\u00a0 Via Ferrere Sottano n. 33, Tel: 0173 638219 \u2013 E-mail:<a href=\"mailto:cadelbaio@localhost\"> cadelbaio@localhost<\/a> &#8211; Pec: info@pec.cadelbaio.com\u00a0<\/strong><\/p>\n<p>Il Responsabile del Trattamento \u00e8 Grasso Giulio: e-mail: cadelbaio@localhost &#8211; Pec: info@pec.cadelbaio.com<\/p>\n<p>Le ricordiamo che Le sono riconosciuti i diritti di cui all\u2019art. 13, paragrafo 2, lett. b), art. 15, art. 16, art. 17, art. 18, art. 20 e art. 21 del Reg. (CE) 27 aprile 2016, n. 2016\/679, e, in particolare, il diritto di accedere ai propri dati personali, di chiederne la rettifica, l\u2019aggiornamento, la cancellazione, se incompleti, erronei o raccolti in violazione della legge, o la limitazione del trattamento, di opporsi al loro Trattamento per motivi legittimi, nonch\u00e9 il diritto alla portabilit\u00e0 dei dati, rivolgendo le richieste al Titolare del trattamento. La informiamo altres\u00ec che ha diritto di proporre reclamo al Garante per la protezione dei dati personali.<\/p>\n<p>L\u2019impianto \u00e8 costituito da telecamere interne ed esterne, da un videoregistratore ed un monitor collocati all\u2019interno di un locale chiuso al pubblico, a cui hanno accesso solo le persone autorizzate.<\/p>\n<p>Le videocamere sono tutte visibili e provviste della relativa segnalazione tramite apposita cartellonistica, sono poste in prossimit\u00e0 di luoghi visibili a tutti. Si dichiara inoltre che non vi sono videocamere nascoste.<\/p>\n<p>Modalit\u00e0 di funzionamento<\/p>\n<p>L\u2019impianto registra solo le immagini indispensabili. Le telecamere sono orientate verso le aree maggiormente esposte ai rischio di furto\/ ingressi non autorizzati. L\u2019angolo delle riprese \u00e8 limitato e vengono evitate le immagini dettagliate.<\/p>\n<p>Non \u00e8 prevista la registrazione audio, in quanto vietata.<\/p>\n<p>Le registrazioni e catture di immagini sono limitate a non oltre le 24 ore, fatte salve speciali esigenze di ulteriore conservazione in relazione<\/p>\n<p>a) a festivit\u00e0 o chiusura dell\u2019esercizio dell\u2019attivit\u00e0;<\/p>\n<p>b) nel caso in cui il titolare del trattamento debba \u201caderire a una specifica richiesta investigativa dell\u2019autorit\u00e0 giudiziaria o di polizia giudiziaria\u201d.<\/p>\n<p>Le immagini registrate, superati i termini di conservazione previsti, verranno distrutte\/cancellate da ogni supporto fisso o mobile (hard disk, floppy disk, CD o DVD, supporti USB, ecc).<\/p>\n<p>La informiamo inoltre che l\u2019accesso alle immagini registrate \u00e8 consentito al Responsabile ed alle persone designate per scritto dal Titolare solo tramite password e viene tracciato mediante apposite funzionalit\u00e0 che consentono la conservazione dei \u201clog di accesso\u201d per un congruo periodo, comunque non inferiore a 6 mesi.<\/p>\n","protected":false},"excerpt":{"rendered":"<p>Utilizzo impianto di videosorveglianza L\u2019Az. Agr. Ca\u2019 del Baio, Titolare del trattamento dei dati, nella persona del legale rappresentate, con &hellip; <a href=\"https:\/\/cadelbaio.com\/en\/privacy-policy-videosorveglianza\/\">Continued<\/a><\/p>\n","protected":false},"author":6,"featured_media":0,"parent":0,"menu_order":0,"comment_status":"closed","ping_status":"closed","template":"","meta":{"_acf_changed":false,"footnotes":""},"class_list":["post-2004","page","type-page","status-publish","hentry"],"acf":[],"yoast_head":"<!-- This site is optimized with the Yoast SEO plugin v23.0 - https:\/\/yoast.com\/wordpress\/plugins\/seo\/ -->\n<title>Informativa ai sensi dell\u2019art. 13 del Reg. (CE) 27 aprile 2016, n. 2016\/679 - Ca&#039; del Baio<\/title>\n<meta name=\"robots\" content=\"index, follow, max-snippet:-1, max-image-preview:large, max-video-preview:-1\" \/>\n<link rel=\"canonical\" href=\"https:\/\/cadelbaio.com\/en\/privacy-policy-videosorveglianza\/\" \/>\n<meta property=\"og:locale\" content=\"en_US\" \/>\n<meta property=\"og:type\" content=\"article\" \/>\n<meta property=\"og:title\" content=\"Informativa ai sensi dell\u2019art. 13 del Reg. (CE) 27 aprile 2016, n. 2016\/679 - Ca&#039; del Baio\" \/>\n<meta property=\"og:description\" content=\"Utilizzo impianto di videosorveglianza L\u2019Az. Agr. Ca\u2019 del Baio, Titolare del trattamento dei dati, nella persona del legale rappresentate, con &hellip; Continued\" \/>\n<meta property=\"og:url\" content=\"https:\/\/cadelbaio.com\/en\/privacy-policy-videosorveglianza\/\" \/>\n<meta property=\"og:site_name\" content=\"Ca&#039; del Baio\" \/>\n<meta name=\"twitter:card\" content=\"summary_large_image\" \/>\n<meta name=\"twitter:label1\" content=\"Est. reading time\" \/>\n\t<meta name=\"twitter:data1\" content=\"4 minutes\" \/>\n<script type=\"application\/ld+json\" class=\"yoast-schema-graph\">{\"@context\":\"https:\/\/schema.org\",\"@graph\":[{\"@type\":\"WebPage\",\"@id\":\"https:\/\/cadelbaio.com\/en\/privacy-policy-videosorveglianza\/\",\"url\":\"https:\/\/cadelbaio.com\/en\/privacy-policy-videosorveglianza\/\",\"name\":\"Informativa ai sensi dell\u2019art. 13 del Reg. (CE) 27 aprile 2016, n. 2016\/679 - Ca&#039; del Baio\",\"isPartOf\":{\"@id\":\"https:\/\/cadelbaio.com\/en\/#website\"},\"datePublished\":\"2018-09-07T08:16:30+00:00\",\"dateModified\":\"2018-09-07T08:16:30+00:00\",\"breadcrumb\":{\"@id\":\"https:\/\/cadelbaio.com\/en\/privacy-policy-videosorveglianza\/#breadcrumb\"},\"inLanguage\":\"en-US\",\"potentialAction\":[{\"@type\":\"ReadAction\",\"target\":[\"https:\/\/cadelbaio.com\/en\/privacy-policy-videosorveglianza\/\"]}]},{\"@type\":\"BreadcrumbList\",\"@id\":\"https:\/\/cadelbaio.com\/en\/privacy-policy-videosorveglianza\/#breadcrumb\",\"itemListElement\":[{\"@type\":\"ListItem\",\"position\":1,\"name\":\"Home\",\"item\":\"https:\/\/cadelbaio.com\/en\/\"},{\"@type\":\"ListItem\",\"position\":2,\"name\":\"Informativa ai sensi dell\u2019art. 13 del Reg. (CE) 27 aprile 2016, n. 2016\/679\"}]},{\"@type\":\"WebSite\",\"@id\":\"https:\/\/cadelbaio.com\/en\/#website\",\"url\":\"https:\/\/cadelbaio.com\/en\/\",\"name\":\"Ca&#039; del Baio\",\"description\":\"Wine cellar in Treiso (Cn)\",\"potentialAction\":[{\"@type\":\"SearchAction\",\"target\":{\"@type\":\"EntryPoint\",\"urlTemplate\":\"https:\/\/cadelbaio.com\/en\/?s={search_term_string}\"},\"query-input\":\"required name=search_term_string\"}],\"inLanguage\":\"en-US\"}]}<\/script>\n<!-- \/ Yoast SEO plugin. -->","yoast_head_json":{"title":"Informativa ai sensi dell\u2019art. 13 del Reg. (CE) 27 aprile 2016, n. 2016\/679 - Ca&#039; del Baio","robots":{"index":"index","follow":"follow","max-snippet":"max-snippet:-1","max-image-preview":"max-image-preview:large","max-video-preview":"max-video-preview:-1"},"canonical":"https:\/\/cadelbaio.com\/en\/privacy-policy-videosorveglianza\/","og_locale":"en_US","og_type":"article","og_title":"Informativa ai sensi dell\u2019art. 13 del Reg. (CE) 27 aprile 2016, n. 2016\/679 - Ca&#039; del Baio","og_description":"Utilizzo impianto di videosorveglianza L\u2019Az. Agr. Ca\u2019 del Baio, Titolare del trattamento dei dati, nella persona del legale rappresentate, con &hellip; Continued","og_url":"https:\/\/cadelbaio.com\/en\/privacy-policy-videosorveglianza\/","og_site_name":"Ca&#039; del Baio","twitter_card":"summary_large_image","twitter_misc":{"Est. reading time":"4 minutes"},"schema":{"@context":"https:\/\/schema.org","@graph":[{"@type":"WebPage","@id":"https:\/\/cadelbaio.com\/en\/privacy-policy-videosorveglianza\/","url":"https:\/\/cadelbaio.com\/en\/privacy-policy-videosorveglianza\/","name":"Informativa ai sensi dell\u2019art. 13 del Reg. (CE) 27 aprile 2016, n. 2016\/679 - Ca&#039; del Baio","isPartOf":{"@id":"https:\/\/cadelbaio.com\/en\/#website"},"datePublished":"2018-09-07T08:16:30+00:00","dateModified":"2018-09-07T08:16:30+00:00","breadcrumb":{"@id":"https:\/\/cadelbaio.com\/en\/privacy-policy-videosorveglianza\/#breadcrumb"},"inLanguage":"en-US","potentialAction":[{"@type":"ReadAction","target":["https:\/\/cadelbaio.com\/en\/privacy-policy-videosorveglianza\/"]}]},{"@type":"BreadcrumbList","@id":"https:\/\/cadelbaio.com\/en\/privacy-policy-videosorveglianza\/#breadcrumb","itemListElement":[{"@type":"ListItem","position":1,"name":"Home","item":"https:\/\/cadelbaio.com\/en\/"},{"@type":"ListItem","position":2,"name":"Informativa ai sensi dell\u2019art. 13 del Reg. (CE) 27 aprile 2016, n. 2016\/679"}]},{"@type":"WebSite","@id":"https:\/\/cadelbaio.com\/en\/#website","url":"https:\/\/cadelbaio.com\/en\/","name":"Ca&#039; del Baio","description":"Wine cellar in Treiso (Cn)","potentialAction":[{"@type":"SearchAction","target":{"@type":"EntryPoint","urlTemplate":"https:\/\/cadelbaio.com\/en\/?s={search_term_string}"},"query-input":"required name=search_term_string"}],"inLanguage":"en-US"}]}},"_links":{"self":[{"href":"https:\/\/cadelbaio.com\/en\/wp-json\/wp\/v2\/pages\/2004"}],"collection":[{"href":"https:\/\/cadelbaio.com\/en\/wp-json\/wp\/v2\/pages"}],"about":[{"href":"https:\/\/cadelbaio.com\/en\/wp-json\/wp\/v2\/types\/page"}],"author":[{"embeddable":true,"href":"https:\/\/cadelbaio.com\/en\/wp-json\/wp\/v2\/users\/6"}],"replies":[{"embeddable":true,"href":"https:\/\/cadelbaio.com\/en\/wp-json\/wp\/v2\/comments?post=2004"}],"version-history":[{"count":0,"href":"https:\/\/cadelbaio.com\/en\/wp-json\/wp\/v2\/pages\/2004\/revisions"}],"wp:attachment":[{"href":"https:\/\/cadelbaio.com\/en\/wp-json\/wp\/v2\/media?parent=2004"}],"curies":[{"name":"wp","href":"https:\/\/api.w.org\/{rel}","templated":true}]}}

<h2>Utilizzo impianto di videosorveglianza</h2>
<p>L’Az. Agr. Ca’ del Baio, Titolare del trattamento dei dati, nella persona del legale rappresentate, con la presente La informa, che nei locali aziendali presso la sede legale in Treiso (CN), 12050, Via Ferrere Sottano n. 33, è stato installato e messo in funzione un impianto di videosorveglianza, con registrazione delle immagini, per esigenze di tutela del patrimonio aziendale, in osservanza delle disposizioni previste dalla legge n. 300 del 20 maggio 1970, meglio noto come Statuto dei lavoratori, dal Provvedimento generale sulla videosorveglianza del 8 aprile 2010 adottato dal Garante per la protezione dei dati personali e nonché dal Reg. (CE) 27 aprile 2016, n. 2016/679. L’Azienda ha ottenuto autorizzazione all’utilizzo dell’impianto di videosorveglianza, emessa dall’Ispettorato Territoriale di Cuneo.</p>
<p>II trattamento dei dati personali avviene mediante un hard &#8211; disk attivo 24 ore su 24, con logiche strettamente correlate alla finalità di sicurezza e protezione del patrimonio aziendale e comunque in modo da garantire la sicurezza e la riservatezza dei dati stessi. I supporti vengono conservati in locali protetti e accessibili solo da personale autorizzato. In ogni caso, le registrazioni non verranno conservate per più di 24 ore, fatte salve speciali esigenze di ulteriore conservazione in relazione a festività o chiusura di uffici, nonché nel caso in cui si debba aderire ad una specifica richiesta investigativa e dell’Autorità Giudiziaria, dopodiché le immagini si sovrapporranno alle precedenti, cancellandole e  dopo tale periodo si procederà all’immediata cancellazione delle stesse.</p>
<p>I dati personali raccolti sono trattati al fine di tutela del patrimonio aziendale.</p>
<p>La informiamo che i dati raccolti sono strettamente attinenti allo scopo di tutela del patrimonio aziendale.</p>
<p>I dati raccolti non vengono diffusi/comunicati a terzi, ad eccezione delle forze di Polizia e/o dell’Autorità Giudiziaria nel caso in cui si siano verificati illeciti per i quali siano in corso indagini, e sono adeguatamente protetti, per ridurre al minimo i rischi di distruzione prima del tempo stabilito, perdita accidentale, accessi non autorizzati o trattamenti non consentiti.</p>
<p><strong>La informiamo che il titolare del trattamento è l’Azienda Agricola Ca’ del Baio, con sede legale in Treiso (CN), 12050,  Via Ferrere Sottano n. 33, Tel: 0173 638219 – E-mail:<a href="mailto:cadelbaio@localhost"> cadelbaio@localhost</a> &#8211; Pec: info@pec.cadelbaio.com </strong></p>
<p>Il Responsabile del Trattamento è Grasso Giulio: e-mail: cadelbaio@localhost &#8211; Pec: info@pec.cadelbaio.com</p>
<p>Le ricordiamo che Le sono riconosciuti i diritti di cui all’art. 13, paragrafo 2, lett. b), art. 15, art. 16, art. 17, art. 18, art. 20 e art. 21 del Reg. (CE) 27 aprile 2016, n. 2016/679, e, in particolare, il diritto di accedere ai propri dati personali, di chiederne la rettifica, l’aggiornamento, la cancellazione, se incompleti, erronei o raccolti in violazione della legge, o la limitazione del trattamento, di opporsi al loro Trattamento per motivi legittimi, nonché il diritto alla portabilità dei dati, rivolgendo le richieste al Titolare del trattamento. La informiamo altresì che ha diritto di proporre reclamo al Garante per la protezione dei dati personali.</p>
<p>L’impianto è costituito da telecamere interne ed esterne, da un videoregistratore ed un monitor collocati all’interno di un locale chiuso al pubblico, a cui hanno accesso solo le persone autorizzate.</p>
<p>Le videocamere sono tutte visibili e provviste della relativa segnalazione tramite apposita cartellonistica, sono poste in prossimità di luoghi visibili a tutti. Si dichiara inoltre che non vi sono videocamere nascoste.</p>
<p>Modalità di funzionamento</p>
<p>L’impianto registra solo le immagini indispensabili. Le telecamere sono orientate verso le aree maggiormente esposte ai rischio di furto/ ingressi non autorizzati. L’angolo delle riprese è limitato e vengono evitate le immagini dettagliate.</p>
<p>Non è prevista la registrazione audio, in quanto vietata.</p>
<p>Le registrazioni e catture di immagini sono limitate a non oltre le 24 ore, fatte salve speciali esigenze di ulteriore conservazione in relazione</p>
<p>a) a festività o chiusura dell’esercizio dell’attività;</p>
<p>b) nel caso in cui il titolare del trattamento debba “aderire a una specifica richiesta investigativa dell’autorità giudiziaria o di polizia giudiziaria”.</p>
<p>Le immagini registrate, superati i termini di conservazione previsti, verranno distrutte/cancellate da ogni supporto fisso o mobile (hard disk, floppy disk, CD o DVD, supporti USB, ecc).</p>
<p>La informiamo inoltre che l’accesso alle immagini registrate è consentito al Responsabile ed alle persone designate per scritto dal Titolare solo tramite password e viene tracciato mediante apposite funzionalità che consentono la conservazione dei “log di accesso” per un congruo periodo, comunque non inferiore a 6 mesi.</p>
